 k(-20).
-2
Let r(u) = -5*u**2 + 4*u + 3. Give r(-1).
-6
Let l(x) = -2*x**2 + 30*x - 29. Give l(1).
-1
Let l(j) = -j**3 - 14*j**2 - 3*j - 18. Determine l(-14).
24
Let m(p) = -p**3 - 4*p**2 + 4. Determine m(-3).
-5
Let d(s) = s**2 + 42*s + 224. Calculate d(-36).
8
Let j(i) = -5*i + 9. What is j(4)?
-11
Let i(u) = 5*u + 1. Give i(13).
66
Let x(r) = r**3 - 2*r**2 - r - 3. What is x(-2)?
-17
Let k(l) = -l**3 - 23*l**2 + 25*l - 27. Give k(-24).
-51
Let a(z) = -z**2 - 5*z + 6. What is a(-9)?
-30
Let v(o) = -2*o**3 - 15*o**2 - 9*o - 17. Give v(-7).
-3
Let i(q) = q**3 - 13*q**2 - 16*q + 49. What is i(14)?
21
Let p(n) = 21*n + 10. What is p(-1)?
-11
Let z(r) = -55*r + 95. Give z(2).
-15
Let o(p) = 2*p**2 - 1. What is o(-1)?
1
Let h(a) = -2*a**2 - 51*a - 26. Give h(-25).
-1
Let a(d) = d**2 - 7*d. Calculate a(6).
-6
Let m(n) = n - 6. Give m(-2).
-8
Let j(w) = w**3 + 3*w**2 - 9*w + 11. Determine j(-5).
6
Let x(r) = r**3 + 3*r**2 - 5*r - 2. Give x(-3).
13
Let g(v) = 2*v**2 + 6*v + 5. Give g(-4).
13
Let s(z) = -z**2 + 19*z + 10. What is s(13)?
88
Let c(w) = 17*w**2 + 10*w + 2. What is c(-3)?
125
Let j(o) = o**3 + 17*o**2 + 15*o + 1. Determine j(-16).
17
Let j(r) = -19*r - 173. Calculate j(-10).
17
Let j(b) = -b - 13. Give j(11).
-24
Let z(d) = d**2 + 30*d + 41. What is z(-28)?
-15
Let o(h) = -h - 2. Calculate o(-7).
5
Let v(b) = b**3 - 5*b**2 - 17*b + 21. Calculate v(7).
0
Let z(a) = a**3 - 8*a**2 + 9*a - 3. Calculate z(7).
11
Let d(y) = y**2 + 5*y - 8. What is d(-7)?
6
Let c(f) = f - 5. Determine c(12).
7
Let w(d) = -11*d + 137. What is w(12)?
5
Let r(a) = 8*a + 143. Determine r(-17).
7
Let h(x) = 4*x**3 - x**2 + 2*x + 3. What is h(-2)?
-37
Let o(r) = -r**2 - 6*r + 10. Calculate o(-6).
10
Let v(r) = -10*r - 93. What is v(0)?
-93
Let z(m) = m + 5. What is z(7)?
12
Let w(q) = q + 3. Determine w(-5).
-2
Let t(x) = 4*x**2 - 16*x - 7. Give t(5).
13
Let t(l) = 23*l - 1062. Determine t(46).
-4
Let n(z) = 80*z**3 - z**2 - 3*z - 3. Calculate n(-1).
-81
Let g(m) = -3*m - 79. What is g(-23)?
-10
Let v(x) = x - 23. Give v(21).
-2
Let q(z) = z**3 - 2*z**2 - z + 2. Determine q(1).
0
Let c(g) = -g + 15. What is c(3)?
12
Let c(i) = i**3 - i**2 - 1. Give c(2).
3
Let p(a) = -a**2 + 19*a + 93. Determine p(23).
1
Let v(l) = 2*l**3 + 11*l**2 - 4*l + 13. Give v(-6).
1
Let p(j) = 8*j**3 + 3*j**2 - 2*j - 2. What is p(1)?
7
Let m(a) = -a**2 - 7*a + 19. What is m(-9)?
1
Let x(w) = w**3 - 20*w**2 + 16*w + 51. Calculate x(19).
-6
Let n(m) = -15*m - 126. Calculate n(-13).
69
Let a(r) = r**2 - 23*r + 75. Determine a(11).
-57
Let w(h) = -h**3 + 10*h**2 + h - 12. Give w(10).
-2
Let h(i) = 2*i**2 + 3*i + 2. Calculate h(-3).
11
Let z(q) = -q**2 - q - 1. What is z(1)?
-3
Let g(z) = 2*z**2 - 2*z. What is g(2)?
4
Let f(u) = -u**3 - 2*u**2 - 15. Determine f(-3).
-6
Let o(c) = -c**3 - 30*c**2 - 16. What is o(-30)?
-16
Let u(v) = v**3 + 12*v**2 + 8. What is u(-12)?
8
Let k(i) = 3*i + 6. What is k(-3)?
-3
Let s(f) = -2*f + 2. What is s(1)?
0
Let c(o) = 5*o**2 + 5*o + 8. What is c(-2)?
18
Let l(i) = 2*i + 6. What is l(6)?
18
Let g(m) = m**3 - 19*m**2 + 19*m - 6. What is g(18)?
12
Let s(r) = -r**3 - r**2 + r - 13. Calculate s(0).
-13
Let y(p) = p**2 - 9*p + 3. What is y(8)?
-5
Let b(i) = -12*i + 172. Determine b(6).
100
Let i(p) = -5*p + 50. Calculate i(10).
0
Let s(i) = -i - 1. Determine s(6).
-7
Let q(j) = -j**3 + 3*j - 4. Determine q(-5).
106
Let y(w) = w**2 - 15*w + 15. Give y(13).
-11
Let p(x) = x**3 - 7*x**2 + 7*x - 1. Determine p(5).
-16
Let f(p) = p**2 + 9*p - 282. Determine f(13).
4
Let k(x) = x**2 - x - 5. What is k(-4)?
15
Let i(d) = -7*d**3 - d. What is i(1)?
-8
Let c(k) = -k**3 + 5*k**2 + 9*k. Determine c(6).
18
Let t(i) = i + 7. Give t(-4).
3
Let x(r) = r**2 - 9*r - 5. Determine x(8).
-13
Let n(j) = 6*j - 4. Determine n(-13).
-82
Let f(k) = -k - 3. What is f(12)?
-15
Let j(p) = 12*p - 30. Calculate j(7).
54
Let w(o) = -o**2 + 2*o + 6. Give w(4).
-2
Let y(n) = -6*n + 29. What is y(12)?
-43
Let b(y) = 29*y**2 + y + 1. What is b(-1)?
29
Let i(j) = j**2 - 4*j - 8. Give i(0).
-8
Let q(c) = 2*c**2 - 40*c + 17. What is q(22)?
105
Let c(a) = -2*a + 24. Give c(11).
2
Let n(h) = h**2 - 3*h + 21. What is n(-8)?
109
Let t(d) = -5*d - 7. What is t(-5)?
18
Let u(j) = -j**2 - 15*j. What is u(-12)?
36
Let k(c) = 7*c + 5. Calculate k(4).
33
Let w(d) = 9*d - 39. Calculate w(4).
-3
Let b(u) = -u**3 - 7*u**2 + u + 9. Give b(-7).
2
Let t(p) = 11*p + 72. What is t(-7)?
-5
Let f(x) = 2*x - 13. Determine f(8).
3
Let h(o) = o**3 - 21*o**2 + 18*o + 18. Determine h(20).
-22
Let v(i) = i**3 - 15*i**2 + 12*i + 18. Calculate v(14).
-10
Let s(g) = -g**2 + 4*g - 10. Calculate s(3).
-7
Let s(m) = m**3 + 8*m**2 - 15*m + 20. Determine s(-10).
-30
Let u(l) = l**2 - 13*l + 33. Determine u(5).
-7
Let t(y) = 3*y + 43. Give t(-12).
7
Let i(y) = -y**2 + 30*y - 4. Calculate i(30).
-4
Let f(r) = -46*r - 33. Give f(-1).
13
Let n(w) = -10*w**3 - 1. Determine n(1).
-11
Let v(w) = w**2 - 13*w - 128. Determine v(-6).
-14
Let b(s) = -4*s - 48. What is b(-17)?
20
Let o(x) = -x**2 - 6*x - 2. Calculate o(-9).
-29
Let p(k) = -2*k**3 - 17*k**2 + 4*k - 12. What is p(-9)?
33
Let t(f) = 8*f + 80. Give t(-14).
-32
Let b(k) = -k**2 + 19*k + 54. What is b(22)?
-12
Let t(k) = 3*k**2 + 6*k + 5. Determine t(-3).
14
Let h(c) = -2*c + 45. What is h(11)?
23
Let k(q) = q**3 - 30*q + 68. Calculate k(3).
5
Let c(d) = d**2 - 6*d + 1. Calculate c(7).
8
Let v(j) = -j**3 + 18*j**2 + 5*j - 15. Calculate v(18).
75
Let m(n) = 18*n + 508. Determine m(-28).
4
Let c(d) = -105*d**2 + 2*d + 2. Give c(-1).
-105
Let w(y) = 28*y**2 - y - 2. Calculate w(-1).
27
Let m(y) = -y**3 + 6*y**2 + 19. What is m(7)?
-30
Let h(t) = t**3 + 9*t**2 - 11*t - 7. Determine h(-10).
3
Let m(t) = t**2 - 4*t - 4. Calculate m(5).
1
Let t(n) = -19*n - 25. What is t(5)?
-120
Let m(g) = 49*g + 593. Determine m(-12).
5
Let o(h) = -h**3 - 11*h**2 - 13*h + 15. Determine o(-9).
-30
Let h(a) = 7*a**2 + 509*a - 149. Give h(-73).
-3
Let p(s) = s**3 - 16*s**2 - 18*s - 21. Give p(17).
-38
Let k(d) = -14*d**3 - d**2 - 2*d - 2. Give k(-1).
13
Let c(r) = 5*r - 83. What is c(19)?
12
Let v(c) = c**3 - 3*c**2 - 3*c + 5. Give v(3).
-4
Let x(p) = 2*p**2 - 5*p + 6. Determine x(5).
31
Let g(d) = 149*d**2 + 1. Give g(1).
150
Let u(v) = 8*v**3 - 2*v**2 + 2*v. Give u(1).
8
Let j(t) = 32*t - 29. Determine j(1).
3
Let z(j) = -2*j**2 + 3*j + 7. Calculate z(5).
-28
Let q(t) = 17*t - 58. Calculate q(10).
112
Let c(y) = y + 11. What is c(32)?
43
Let j(y) = y**2 + 12*y + 32. Determine j(-14).
60
Let s(r) = 3*r**2 + 4*r + 2. Calculate s(-1).
1
Let g(y) = -y**2 + 14*y - 4. What is g(6)?
44
Let h(q) = -q**3 + 51*q**2 - 48*q - 90. Determine h(50).
10
Let q(o) = -15*o**2 + o. What is q(-1)?
-16
Let x(u) = -u**3 + 2*u + 4. Calculate x(3).
-17
Let z(g) = -2*g**3 - 6*g**2 + 7*g - 9. Give z(-5).
56
Let p(x) = 6*x + 3. Determine p(-1).
-3
Let v(f) = -f**2 + 6*f + 10. Give v(6).
10
Let p(l) = -l**3 + 3*l**2 + l - 4. What is p(3)?
-1
Let n(v) = 4*v - 1. Determine n(-1).
-5
Let p(u) = -3*u - 105. Calculate p(-24).
-33
Let f(i) = 7*i + 157. Determine f(-23).
-4
Let u(c) = 2*c**3 - c**2 - 3*c - 2. Give u(-2).
-16
Let l(d) = d**3 - 9*d**2 + 10*d - 20. Calculate l(8).
-4
Let v(g) = -g**3 + 7*g**2 - 6*g - 12. Calculate v(6).
-12
Let s(b) = -b**3 - b**2 + b - 6. What is s(0)?
-6
Let a(c) = -3*c**2 + 9*c. Give a(3).
0
Let h(v) = -v**2 + 37*v + 157. Calculate h(41).
-7
Let u(m) = m**3 + 5*m**2 - 9*m - 7. Determine u(-6).
11
Let c(n) = -n**2 - 28*n - 19. Calculate c(-26).
33
Let y(p) = 8*p - 1. Calculate y(-1).
-9
Let i(b) = -b**2 + 4*b - 3. Give i(3).
0
Let j(f) = 6*f**2. Give j(-1).
6
Let k(n) = 2*n + 11. Give k(-7).
-3
Let y(d) = -d**3 + 5*d**2 + 2*d - 6. Determine y(4).
18
Let x(a) = a**3 - 9*a**2 + 11*a - 9. What is x(7)?
-30
Let x(y) = 7*y**2 - 2*y. Give x(2).
24
Let a(q) = -q**2 - 2*q + 4. What is a(3)?
-11
Let a(p) = 8*p + 33. Determine a(-13).
-71
Let u(h) = 14*h + 1. What is u(0)?
1
Let l(f) = f**3 + 33*f**2 - 38*f - 63. What is l(-34)?
73
Let b(s) = s**3 - 9*s**2 + 16*s - 9. Determine b(7).
5
Let l(y) = -7*y - 220. Calculate l(-30).
-10
Let c(w) = w**3 - 3*w**2 - 24*w + 10. Determine c(6).
-26
Let m(a) = -a**3 + 10*a**2 - a + 12. Calculate m(10).
2
Let g(r) = -3*r**2 + 3*r - 3. Calculate g(2).
-9
Let l(o) = -o**3 - 5*o**2 + 7*